s the tens digit of g?
5
Let m(y) = 2*y**2 + 13*y - 2. Let g be -3 + (1 - 1) + 27. Suppose 3*i + 63 = g. What is the tens digit of m(i)?
6
Let a(h) = h**3 - 7*h**2 - 10*h + 2. Let i(x) = 3*x**3 - 21*x**2 - 31*x + 6. Let w(t) = -11*a(t) + 4*i(t). What is the units digit of w(9)?
8
Suppose -46 = 2*w - 174. Suppose w*i = 57*i + 5040. What is the hundreds digit of i?
7
Let o(j) = j**2 - 15*j - 16. Let r be o(8). What is the tens digit of (-4)/18 - (-3 - (-19096)/r)?
6
Suppose -3*l - 2*k + 16 = 0, 5*k = -2*l + 2 - 6. Let c(a) = a - 4. Let x be c(l). What is the units digit of (74/x)/(3 + 22/(-8))?
4
Let b(o) = 12 + 2*o**2 - 11*o - 1 - 18. Let i be b(-13). What is the tens digit of 80/30*i/8?
5
Let b(m) = m**3 + 55*m**2 - 67*m - 54. What is the hundreds digit of b(-42)?
6
Suppose 0 = 144*i - 150*i + 36. Suppose i*x - 2*x - 284 = -3*n, 3*n = -3*x + 216. What is the tens digit of x?
6
Let n be -7*(-24)/140*120. Suppose -n*h + 147*h - 2073 = 0. What is the hundreds digit of h?
6
Suppose -12*i + 3*i - 117 = 0. Let z(y) = -25*y + 54. What is the hundreds digit of z(i)?
3
Let i(h) be the second derivative of h**5/20 - h**4/3 + 4*h**3/3 + h**2 + h - 7. What is the tens digit of i(5)?
6
Let o = 324 + -514. Let w = 357 + o. What is the units digit of w?
7
Let q(u) be the second derivative of u**3/3 - 3*u**2/2 - 14*u. Let p be q(2). What is the units digit of p*62 + 8/8?
3
Let o(z) = -24*z - 83. Suppose 6*t + 147 = -3*f + 5*t, -108 = 2*f + 4*t. What is the hundreds digit of o(f)?
0
Let s(o) = 2*o**3 + o**2 + 4. Let m be s(0). Let u be ((-4)/(-1))/1*5/m. Suppose u*y - 418 = 47. What is the units digit of y?
3
Let i be ((-4)/(-2))/((-6)/(-21)). Suppose i*o - o + 234 = 0. What is the units digit of 19*(-192)/(-52) - (-6)/o?
0
Suppose 24726 = g - 5*p, -2*p + 63993 = 4*g - 35087. What is the tens digit of g?
6
Suppose 14*k + 84*k - 206780 = 0. What is the thousands digit of k?
2
Suppose -57*j + 1919932 = 216259. What is the hundreds digit of j?
8
Let h = -24094 + 63690. What is the hundreds digit of h?
5
Let d(k) = 3*k**2 + 14*k. Let u be d(6). Let x = 2 + 2. Suppose x*r - r = u. What is the tens digit of r?
6
Let o = 260 + -273. Let s(w) = -18*w + 69. What is the units digit of s(o)?
3
Suppose 5*g = 5*a + 80245, 0 = 4*g + 18*a - 15*a - 64154. What is the hundreds digit of g?
0
Let n(j) = j**2 - 5*j - 12. Let b be n(5). Let x be b*12/90 + 2/(-5). What is the units digit of (2/(-4))/(-1*x/(-180))?
5
Suppose -1170 = 120*a - 125*a. Let l be (1 - 2/4)*10. Suppose l*w - a = 56. What is the tens digit of w?
5
Suppose 0 = -264*y + 266*y - 2*c - 36498, 2*y = -5*c + 36533. What is the tens digit of y?
5
Let b(i) = 9*i**2 - 8*i + 302. What is the units digit of b(-39)?
3
Let y = -57 + 54. Let u(t) = 152*t**2 + 3*t + 7. What is the hundreds digit of u(y)?
3
Suppose 5*y + 7 = -k + 3, 5*y + 40 = 5*k. What is the units digit of k - (-7 + -6) - 6?
3
Let s be 2/(3/(-4035)*-5). Let p = s + -80. What is the tens digit of p?
5
Let u be (-6)/4*488/(-6). Let l be -2*1/6*9 - u. Let i = -76 - l. What is the tens digit of i?
4
Suppose -173305 = -18*d + 3797. What is the hundreds digit of d?
8
Let n = -8126 - -16713. What is the hundreds digit of 3 - n/(-17) - (-8)/(-68)?
5
Let j(t) = -5*t**3 + 6*t**2 + 4*t + 9. Let y be j(-2). Suppose -68*h + 2469 = -y*h. What is the tens digit of h?
2
Let n be (-2)/4 + (-3)/24*-4. Suppose n = -3*a - 15 + 6. What is the tens digit of -22*5/(a + -2)?
2
Let o(s) = 45*s - 224. Let m(i) = 7*i**3 - 3*i**2 + 7*i - 5. Let w be m(1). What is the tens digit of o(w)?
4
Let n(l) = 15*l**2 - 17*l + 104. Let o(p) = -2*p + 22. Let i be o(7). What is the tens digit of n(i)?
2
Let a = -580 - -599. Suppose a*h = -773 + 12477. What is the units digit of h?
6
What is the tens digit of (-10)/(-3)*12/(-16)*-10522?
0
Let v = -448 + 255. Suppose -4*x - 196 = -2*x. Let g = x - v. What is the tens digit of g?
9
Let j(v) = v**3 - 12*v**2 - 25*v + 2. Let x be j(14). Suppose 2*t + 2*m - 65 = -19, -2*t + x = m. What is the tens digit of t?
2
Let n be (-114)/((-2)/1) - 3. Let m = n + -52. Suppose z + 4*k = 62 + 25, -m*k + 417 = 5*z. What is the units digit of z?
3
Suppose 5*v - 53 = -i, v - 182 = -5*i + 107. What is the hundreds digit of 66936/i - 92/1334?
1
Suppose -60*r + 356965 - 137365 = 0. What is the units digit of r?
0
Let d be (((-3528)/20)/(-3))/((-6)/(-15)). Suppose 0 = -u + d + 172. Let j = 519 - u. What is the units digit of j?
0
Let c = -175 - -330. Suppose 10*d + 95 = c. What is the units digit of d?
6
What is the hundreds digit of (-18 + 1184/(-80))*(-2385)/6?
0
Let u = -25 + 30. Suppose 3778 = u*x - 3*d - 0, 0 = -5*d - 5. Suppose 5*i + 3*c - x = -2*c, -2*c = i - 153. What is the units digit of i?
9
Let s = 9 - 12. Let j(t) = -22*t - 14*t - 3*t - 5*t. What is the hundreds digit of j(s)?
1
Let l = 2803 - 772. What is the hundreds digit of l?
0
Let p(f) = -175*f + 1068. What is the hundreds digit of p(-33)?
8
Let g = 723 + -719. Suppose 12*x + g*r = 10*x + 1942, -x = -3*r - 996. What is the tens digit of x?
8
Let z(w) = -205*w + 545. What is the units digit of z(-25)?
0
Let b be (-23606)/(-493) + -1 + 76/68. Let g = 16 + 181. Let a = g + b. What is the hundreds digit of a?
2
Let u(d) = -4*d**2 + 2*d. Let c(h) = -5*h**2 + h - 1. Let g(k) = -5*c(k) + 6*u(k). Let a be g(6). Let i = a - 39. What is the tens digit of i?
4
Let c = -23562 - -39774. What is the thousands digit of c?
6
What is the thousands digit of 18474/2 - (-82 + 72)?
9
Suppose 0 = -8*q - 5*q + 6669. Let m = -230 + q. What is the tens digit of m?
8
Let r(o) = -o**3 + 36*o**2 - 45*o + 36. What is the units digit of r(18)?
8
Let v = 1564 + -546. Let m = v - 591. What is the hundreds digit of m?
4
Suppose -3*c + c + g = -118, -308 = -5*c - 4*g. Let v be (-40)/8 - (-2 + c). Let j = 30 - v. What is the units digit of j?
3
What is the tens digit of 7 - (-1693)/((12/18)/2)?
8
Let r be 0 - 142*(0 - 1). Let m = 15920 - 15669. Let w = m - r. What is the hundreds digit of w?
1
Let m(o) = -o**2 + 2*o + 128. Suppose 0 = -d + 3*d - d. Suppose d*h = h - 2*w - 10, 20 = -4*w. What is the units digit of m(h)?
8
Let g(x) = -x - 8*x**2 - 11*x**2 + 20*x**2. Suppose 25 = 5*p - 30. What is the units digit of g(p)?
0
Let s(h) = -1329*h - 4959. What is the units digit of s(-7)?
4
Suppose 123 = 3*k - j, 5*k - 204 = -0*k + 2*j. Suppose -4*z + 11*z = k. Let o(p) = p**2 - 2*p + 3. What is the tens digit of o(z)?
2
Let u be (-19856)/(-85) + 4/10. Suppose -u + 603 = 3*a - b, 604 = 5*a + 2*b. What is the tens digit of a?
2
Let c = 1244 + -1971. Let b = 42 + -36. What is the hundreds digit of b/(-15) + c/(-5)?
1
What is the hundreds digit of 2*((-6)/(-15))/(180/306225)?
3
What is the ten thousands digit of (-14880)/(-1240) - (-23860 + 0 + 1)?
2
Let x(q) = 63*q**3 - 3*q**2 + 5*q + 18. What is the hundreds digit of x(3)?
7
Suppose 2*v - 13 = -17. Let t be (-392)/(-48) - v/(-12). What is the hundreds digit of 250 - 6*4/t?
2
Let k be 0 + (-624)/10 - (-234)/(-390). Suppose 3*h + 424 = 4*b, -b = -6*b + 2*h + 530. Let s = k + b. What is the units digit of s?
3
Suppose 0 = 13*f - 9*f - 768. Suppose -2*u + 2*t - 74 = 0, u + 3*t = 8*t - 17. Let b = u + f. What is the hundreds digit of b?
1
Let v be 9 + 1348/20 + 4/(-10). What is the tens digit of (-18)/(-12)*8*v/12?
7
Let o = 362 - 357. Suppose -5*c + o*f = -720, -4*c + 9*c - f - 740 = 0. What is the tens digit of c?
4
Let s(c) = -30*c + 13. Suppose -2*h + 18 = h - 3*d, -2*d + 10 = 0. Let u(g) = -89*g + 38. Let b(k) = h*s(k) - 4*u(k). What is the units digit of b(4)?
5
Suppose 151*g = 587543 - 5740. What is the units digit of g?
3
Suppose -6*f - 851 - 643 = 0. What is the units digit of -6 - -1 - f/(1 + 2)?
8
Let w(r) = 13*r - 267 + 132 + 143. Let m be w(4). Suppose -15*v - m = -19*v. What is the tens digit of v?
1
Let t(h) = 8*h**2 + 3*h + 416. What is the hundreds digit of t(-36)?
6
Let x(i) = 4*i - 6. Let p be x(2). Suppose -p*o + 1 = -253. Suppose 4*t + o - 967 = 0. What is the hundreds digit of t?
2
What is the tens digit of 255560/(-15)*132/(-176)?
7
Let i = -48 - -47. Let m be (276 - 1) + -1*(i + 2). Suppose 2*u - m = 334. What is the units digit of u?
4
Suppose 375*n - 129*n = 1790880. What is the tens digit of n?
8
Let c = -239 + 240. What is the tens digit of ((-4)/8)/(c/(-632))?
1
What 